5544 + -5?
-15552
In base 16, what is 12be3 + -4?
12bdf
In base 5, what is -214 - -23314?
23100
In base 9, what is -81 + -1176?
-1267
In base 3, what is 1120102 + 22011?
1212120
In base 7, what is -400 + 20?
-350
In base 4, what is -303 - -202?
-101
In base 6, what is 2 - -14134030?
14134032
In base 3, what is 120102012 - 11?
120102001
In base 6, what is 4215 + 10?
4225
In base 9, what is 15056 - 6?
15050
In base 7, what is 320151 + -34?
320114
In base 15, what is 5 + 7d11?
7d16
In base 4, what is -10220231 + 100?
-10220131
In base 5, what is -203311 + -1410?
-210221
In base 4, what is -3 + -130311122?
-130311131
In base 9, what is -5677 - -5?
-5672
In base 14, what is -da06 - 3b?
-da43
In base 7, what is 3 - -51415?
51421
In base 5, what is 244 + -3404?
-3110
In base 9, what is -21236 - -4?
-21232
In base 4, what is -2020202023 + -10?
-2020202033
In base 2, what is 11101 - 1011111000?
-1011011011
In base 11, what is 24 + 291?
305
In base 5, what is -14 + -24342?
-24411
In base 6, what is 111511 + -5?
111502
In base 7, what is -33036 + -55?
-33124
In base 10, what is -15270 - 80?
-15350
In base 6, what is -2 - 115014?
-115020
In base 6, what is 3104 + -204?
2500
In base 11, what is -3 - 5849?
-5851
In base 2, what is -100001010 + -11101?
-100100111
In base 15, what is 1d8 + -79d?
-5b5
In base 7, what is 1300321 + 2?
1300323
In base 15, what is -1 + 83a5?
83a4
In base 9, what is -3 + -78082?
-78085
In base 12, what is -4 - 82b?
-833
In base 3, what is -2001121122 + -12?
-2001121211
In base 2, what is -1001101111 - -11101001010?
10011011011
In base 9, what is 136 - 410?
-263
In base 3, what is -2210 - 120?
-10100
In base 5, what is -2 - -4233444?
4233442
In base 6, what is 120 + -1250?
-1130
In base 4, what is 11 + 103320230?
103320301
In base 12, what is -456 + 39?
-419
In base 6, what is 52413 + -10?
52403
In base 15, what is -58c + -3?
-590
In base 9, what is 23856 + -6?
23850
In base 4, what is 31102123 + -3?
31102120
In base 12, what is -1a4 - -3?
-1a1
In base 9, what is -7575 + 2?
-7573
In base 10, what is -50599 - -3?
-50596
In base 9, what is -4 + 412355?
412351
In base 4, what is 123223211123 + -10?
123223211113
In base 12, what is 11 - 30502?
-304b1
In base 15, what is 0 + 13553e?
13553e
In base 5, what is -22 - 10213343?
-10213420
In base 3, what is -2202111 + -110?
-2202221
In base 13, what is 3 + 4a55?
4a58
In base 12, what is 3 + -29b55?
-29b52
In base 2, what is -10001000 - -10010111001?
10000110001
In base 16, what is -5 - -2526?
2521
In base 12, what is -2 + -200160?
-200162
In base 2, what is -11001111100 - 100100?
-11010100000
In base 5, what is 212 + 32?
244
In base 12, what is -36347 + -2?
-36349
In base 12, what is 50019 - -1?
5001a
In base 2, what is 111101000111100100 - -100?
111101000111101000
In base 8, what is -3 + 147142?
147137
In base 3, what is -2022200020 - -20?
-2022200000
In base 15, what is -4 + -2220?
-2224
In base 14, what is 1a5 + ba?
281
In base 16, what is -53bde - 8?
-53be6
In base 3, what is -11 - -2212112121?
2212112110
In base 14, what is -58c9c + -1?
-58c9d
In base 8, what is 26751 + 4?
26755
In base 3, what is 11120201 + -1010?
11112121
In base 12, what is a3281 - 3?
a327a
In base 16, what is e + -3f17?
-3f09
In base 5, what is -24011044 + 2?
-24011042
In base 8, what is -200 + -143?
-343
In base 10, what is -4801 - 899?
-5700
In base 3, what is -10210110 - -2121?
-10200212
In base 11, what is a241a + -1?
a2419
In base 14, what is 26c + -17?
255
In base 12, what is -18904 + -4?
-18908
In base 11, what is -3 + 24077?
24074
In base 16, what is -127 + 217c?
2055
In base 14, what is -1c - 9834?
-9852
In base 5, what is 1 - 12304222?
-12304221
In base 5, what is -14000 - 232?
-14232
In base 3, what is -11 + -1220122200?
-1220122211
In base 11, what is -86 + 114?
39
In base 12, what is 1523a + 1?
1523b
In base 12, what is -a6 - -49a?
3b4
In base 10, what is -228 + 1557?
1329
In base 13, what is 5 + -29038?
-29033
In base 6, what is 10340554 + 5?
10341003
In base 2, what is -100 + -11111010110000110?
-11111010110001010
In base 12, what is 3512 + 191?
36a3
In base 16, what is 16a3 + 5?
16a8
In base 2, what is -10 + 111101111010110?
111101111010100
In base 7, what is -260462 - 1?
-260463
In base 3, what is -10 + 200000102?
200000022
In base 16, what is -7 - -11c?
115
In base 11, what is -583257 + -2?
-583259
In base 13, what is -25a - -19?
-241
In base 8, what is 3660 + -165?
3473
In base 15, what is -13c5 - 14?
-13d9
In base 6, what is -403 - 144?
-551
In base 11, what is 3 + -40007?
-40004
In base 16, what is -d78 + -9?
-d81
In base 2, what is 110111111111100111 - -10?
110111111111101001
In base 7, what is 5041025 + -5?
5041020
In base 4, what is 100 + 210313302?
210320002
In base 13, what is 64 - 27ca?
-2766
In base 6, what is -2224 + -150?
-2414
In base 10, what is 30677 + 37?
30714
In base 3, what is -11000202022 + -12?
-11000202111
In base 3, what is 110212 + -20202011?
-20021022
In base 16, what is -172ac - -2?
-172aa
In base 4, what is 0 - -21233112?
21233112
In base 5, what is -10103 - -1023?
-4030
In base 11, what is -3 - -35765?
35762
In base 15, what is -c10 - -13e?
-ac1
In base 15, what is 5 - -2a813?
2a818
In base 13, what is 39 + -1340?
-1304
In base 11, what is 173 + 91?
254
In base 7, what is 3 + 10122?
10125
In base 12, what is -3 - -6172?
616b
In base 13, what is 952 + -59b?
384
In base 11, what is -3 - -819371?
819369
In base 3, what is 10010110221220 - 10?
10010110221210
In base 5, what is -1 + -1240433?
-1240434
In base 15, what is 280 + 106?
386
In base 14, what is 35d4 - -16?
360a
In base 16, what is -111 + -7f?
-190
In base 14, what is -1 + 9291?
9290
In base 4, what is -11 + 3032231?
3032220
In base 11, what is -2 - 49451?
-49453
In base 15, what is -5d2 - -a?
-5c7
In base 3, what is -1122 + 1222222?
1221100
In base 6, what is 4 + 43322200?
43322204
In base 13, what is 1c5 + -2?
1c3
In base 12, what is -2 - -1477aa?
1477a8
In base 11, what is -855a - 25?
-8584
In base 16, what is -c - 3ff?
-40b
In base 15, what is -11bd - 8c?
-125a
In base 10, what is -447 + 484?
37
In base 16, what is -d04 + -31?
-d35
In base 4, what is 32013123 + 12?
32013201
In base 5, what is -301412 + 10?
-301402
In base 16, what is 4 - -4b7?
4bb
In base 16, what is -42ebf0 - -3?
-42ebed
In base 9, what is -305056 + -4?
-305061
In base 5, what is -32442402 - 3?
-32442410
In base 3, what is -10 + 10211202222?
10211202212
In base 12, what is -602 + 5?
-5b9
In base 4, what is -233012 + -10133?
-303211
In base 11, what is 173 - 404?
-241
In base 4, what is -1100 + 13023312?
13022212
In base 12, what is -3 + 36bbb8?
36bbb5
In base 7, what is -6 + 146660?
146651
In base 6, what is -22 - -1102444?
1102422
In base 14, what is 45d79 - -5?
45d80
In base 4, what is 233 + 320?
1213
In base 12, what is -6 + 1289b2?
1289a8
In base 14, what is -4 - -5962?
595c
In base 4, what is 13 + 3331301?
3331320
In base 4, what is 210 - 230102?
-223232
In base 8, what is 117 + 16032?
16151
In base 15, what is 12c - 151?
-24
In base 4, what is -3 + 1113301313?
1113301310
In base 7, what is 656345 + -3?
656342
In base 9, what is 25 - 2338?
-2313
In base 2, what is 1001100110111111 + 10?
1001100111000001
In base 10, what is -8 + 16800?
16792
In base 5, what is -131100 - -2441?
-123104
In base 12, what is 37a684 + 4?
37a688
In base 12, what is -2544 - -19?
-2527
In base 11, what is -256 - 155?
-400
In base 8, what is 4542 - -2?
4544
In base 12, what is 2382676 + -3?
2382673
In base 7, what is -1 + -51661?
-51662
In base 7, what is -661 + 101?
-560
In base 14, what is -82 - -b39?
a97
In base 8, what is -5233370 - 5?
-5233375
In base 15, what is 1b - 45c80?
-45c64
In base 3, what is 11100001 - 21201?
11001100
In base 3, what is -100022010 - -111?
-100021122
In base 6, what is 0 + -115242352?
-115242352
In base 5, what is -444 - -3413?
2414
In base 13, what is -58bb - -15?
-58a6
In base 8, what is -22167 + 112?
-22055
In base 4, what is 3 + 30102100?
30102103
In base 9, what is 507 + 14?
522
In base 3, what is -12211000112 - -10?
-12211000102
In base 15, what is 2747 + 2?
2749
In base 7, what is -240 - -3522?
3252
In base 8, what is 6510 - -11?
6521
In base 2, what is 1000110000110 - -111101?
1000111000011
In base 8, what is -4 + 367?
363
I